e -4*z - 8 = 4*t, 4*t = -0*z + 4*z. Let c(n) = -n**2 - n + 2. Let v(x) = -5*x**2 - 12*x + 5. Let h(s) = t*v(s) + 4*c(s). What is h(-4)?
-13
Let f(j) be the second derivative of j**3/2 - 75*j**2/2 + 56*j. Let l be f(24). Let c(p) = -p - 8. Determine c(l).
-5
Let u(h) be the second derivative of h**3/6 - 15*h**2/2 - 111*h. Suppose -x - 5*b + 3*b + 18 = 0, -21 = -3*x + 5*b. What is u(x)?
-3
Suppose 5*g - 11 = -p, -g = -6*g + 5*p + 5. Let s(t) = -53 + 23 + 25 + 4*t - g*t. Give s(0).
-5
Let y = 196 + -188. Let p(o) = 5*o**3 - 2*o**2 - 3*o - 6. Let f(z) = 13*z**3 - 7*z**2 - 8*z - 17. Let r(u) = y*p(u) - 3*f(u). What is r(-5)?
3
Let h(v) = 39*v - 20*v + 1 + 4*v**2 - 19*v. Let m(b) = -b**3 - 5*b**2 + 7*b + 7. Let o be m(-6). Suppose 4*j = 2*a + 14, a + j - o = 4*a. Calculate h(a).
5
Let j(f) = 4*f - 25. Let l = 18937 - 18946. What is j(l)?
-61
Suppose 7*n = -91 + 21. Let v(i) = i**3 + 12*i**2 + 19*i - 13. Let q be v(n). Let f(r) = -r - r**3 + 11*r**2 - 2 - 20*r**2 + 6*r**2. Give f(q).
1
Suppose 0 = -5*q + 10*q - 5. Let z be 24/q*1/((-3)/(-4)). Let l(b) = -b**3 - 1 - 7*b + 3 + 40*b**2 - z*b**2. Calculate l(7).
2
Let h(a) = 3*a - 1. Let t(d) be the first derivative of -3/2*d**2 - 5 + 1/3*d**3 + d. Let u be t(2). What is h(u)?
-4
Let u(f) = 15 - 9*f + 2*f + 180*f**2 - 179*f**2. Let h be u(5). Suppose -5*c = -d + 33, h*c + 5*d = 4*c + 9. Let t(l) = -l**3 - 6*l**2 + 2*l + 6. Give t(c).
-6
Let n(b) = 2*b - 1 + 2 + 1 + 0*b. Suppose 336 - 688 = 88*i. What is n(i)?
-6
Let r be 38/8*10/1*-2. Let i = 96 + r. Let a(q) = 2 - 2 + 0 + i - q. What is a(2)?
-1
Let h = 14 + 4. Let g(v) = -141*v - 82. Let b(q) = -56*q - 41. Let d(n) = 5*b(n) - 2*g(n). Determine d(h).
-5
Let f(u) = -100 - 1376*u + 688*u + 694*u. Give f(18).
8
Let z(p) = p**2 - 2*p. Let o(s) = 2*s**3 + 2*s**2 - 2*s + 1. Let w be o(1). Let y(d) = -d + 1. Let r(c) = w*y(c) + z(c). Let m = 114984 + -114979. What is r(m)?
3
Suppose 3*w - 4*w + 106 = -3*t, 0 = -3*w - 4*t + 331. Let h(x) = 104*x + 16 - w*x - 15. What is h(-2)?
11
Let r(t) be the first derivative of 4*t**2 + 18*t - 9133. Calculate r(1).
26
Let u(l) = -446*l**2 - 12*l - 439*l**2 + 884*l**2. Calculate u(-12).
0
Let r(w) = -2*w - 10. Suppose -41*u - 100*u - 55*u - 1176 = 0. Give r(u).
2
Let a(m) = 24*m**2 - 5*m - 9. Let u(q) = -5*q**2 + 2*q. Let v(k) = -a(k) - 5*u(k). Calculate v(-6).
75
Let u(z) be the third derivative of -z**6/120 + z**5/30 + z**4/12 - z**3/3 - 2*z**2 - 17. Let a be 0 + 2 + -1 + 2. Let n be (a - 1)*(-9)/(-6). Calculate u(n).
-5
Let w(f) = -125*f. Let g(p) = 9*p + 2. Let o(h) = -6*g(h) - w(h). Calculate o(1).
59
Let i = -6 + 5. Let a(b) = 23*b - 1. Let f(u) = -17*u + 1. Suppose 6*z - 19 = -1. Let o(c) = z*a(c) + 4*f(c). What is o(i)?
0
Suppose -3*b = -5*w + 32, -45*b + 31 = -42*b + 4*w. Let y(c) = -11*c**3 + c**2 - 11*c + 11. Calculate y(b).
-10
Let a(z) = 47 - 206030*z + 206032*z - 39. Suppose 0 = -l + 3, -2*v + 5*l - 2*l = 9. Calculate a(v).
8
Let b(z) = -2*z + 83 - 63*z + 96 - 12*z + 172*z. What is b(-2)?
-11
Let a(v) be the first derivative of -11*v**2/2 - 32*v - 1731. Determine a(-3).
1
Suppose -16*m + 420 = 4*m. Let w be 30/m + (-833)/343. Let c(h) = -12*h**2 + 1 + 0 + 2*h**2. Calculate c(w).
-9
Suppose -5*l - 11 = -6*o + 8*o, -3*l + 2*o = 13. Let u(b) = -7*b - 13. Let x(a) = -4*a - 11. Let n(w) = l*x(w) + 2*u(w). What is n(3)?
1
Let t = 209 + -207. Let x(g) = 0 - t + 7 + 2 - g. Suppose 0*a = -a. Calculate x(a).
7
Let u(x) = x**2 + 16*x + 52. Suppose -1165*d = -1167*d + 4*n - 34, 18 = -3*d - 5*n. Determine u(d).
-3
Suppose -a = -5*v + 14, 0*v + 5 = 5*v. Let n = -77 + 84. Let l(j) = 3*j + 3*j - n*j - 10. Give l(a).
-1
Let j(g) = -g**3 - 3*g**2 + 5*g + 4. Let o(r) = r**3 + 16*r**2 + 17*r + 26. Suppose 5*u + 3*k + 85 - 22 = 0, 4 = k. Let y be o(u). Determine j(y).
0
Let n(z) = -z**3 + 4*z**2 + 2*z + 6. Suppose s + 4*j = 53, -5*s - 5*j + 86 = -149. Suppose -144*r + 135*r + s = 0. What is n(r)?
-9
Let s(t) be the third derivative of -17*t**5/20 + 103*t**4/24 - 10*t**2 - 3*t - 24. Give s(2).
2
Let r be 0 + 13/6 + 33/(-198). Suppose 0 = -y + 6*v - r*v - 10, 3*v - 15 = 2*y. Let z(s) = 2*s + 12. Calculate z(y).
0
Let g(w) = 11*w**3 - 36*w**2 + 4*w - 3. Let k(n) = -6*n**3 + 20*n**2 - 2*n + 2. Let m(y) = 3*g(y) + 5*k(y). Calculate m(3).
16
Let h(v) = -v**3 - 5*v**2 - 2*v + 3. Let r be ((-1 - -3) + -2)/(-1). Suppose t = -2*o + 3 + 3, -t = r. Let n be 2 - (-57)/(-9) - o/(-9). What is h(n)?
-5
Let t(l) be the second derivative of -l**5/20 + l**4/4 + 5*l**3/6 + l**2/2 - l. Suppose -7*q + 15*q = -3080. Let r = 389 + q. What is t(r)?
5
Let m(s) be the second derivative of 0 + 18*s - 3/2*s**2 - s**3. Calculate m(9).
-57
Let q(c) = -c + 19. Let k be q(17). Let b(h) = 15*h**2 + 15*h**2 - 43*h**k + 11 + 8*h + 14*h**2. Suppose -4*t + 0*t - 32 = 0. What is b(t)?
11
Let h(x) = -7*x - 123. Let k be h(-17). Let c be 10 + (15 - -1)/k. Let z(d) = -2*d + 12. Calculate z(c).
0
Suppose 600 = 3*g - 3*b, -397 = -2*g + 2*b + 3*b. Let h = g + -195. Let l(j) = j**2 - 5*j - 7. What is l(h)?
-1
Let b(h) = 4*h**2 + h + 5. Let k(a) be the first derivative of -3*a**3 - 3*a**2/2 - 12*a + 71. Let i(f) = -5*b(f) - 2*k(f). Calculate i(2).
-7
Let k(b) = -b**3 + 15*b**2 - 10*b + 17. Let j(v) = v**3 - 18*v**2 + 13*v - 18. Let l(w) = 3*j(w) + 4*k(w). Determine l(6).
8
Suppose -5*q + 115*f - 119*f - 203 = 0, q + 2*f + 49 = 0. Let o(s) = -2*s**2 - 71*s - 45. What is o(q)?
-10
Let g(b) = 10*b**3 - 6*b**2 + 10*b - 9. Let x(d) = -7*d**3 + 7*d**2 - 10*d + 7. Let z(k) = 2*g(k) + 3*x(k). Determine z(8).
-13
Let k(b) = b + 1158*b**2 - 541*b**2 - 613*b**2 - 1. Suppose -8*d = -3*d - 10. Calculate k(d).
17
Let h(f) be the second derivative of f**6/120 + f**5/12 + f**4/12 - 5*f**3/6 + 3*f**2 - 2*f - 47. Let g(u) be the first derivative of h(u). Calculate g(-4).
3
Let w(y) = y**2 + 83*y - 726. Let h be w(8). Let s(n) = 6*n**3 - 4*n**2 + 6*n - 3. Give s(h).
41
Let u(j) = -4*j - 6. Let n be 8 + 1*(-6 + 0). Let v be (n/5)/((-16)/(-40))*-3. Determine u(v).
6
Let w(n) = -175 + 13*n + 511 - 189 - 31*n - 172 + 2*n**2. What is w(10)?
-5
Let d = -40 - -39. Let z be d/(1/2) + 3. Let v(g) = -1 + 74*g - 75*g + z. Give v(-3).
3
Let m(k) = -244*k - 488. Let o be m(-2). Let f(v) = -v + 31. Calculate f(o).
31
Let g = -9 - -5. Let v be (9 - 10)/(3 + 32/(-10)). Let w(m) = 3 + m - 6*m**3 + 2 - 4*m**2 + v*m**3. Calculate w(g).
1
Let k be (51/5)/(19/95). Let m = -42 + k. Suppose 0 = -82*j + 79*j + m. Let f(i) = -i**3 + 2*i**2 + i + 1. Give f(j).
-5
Let t = -229/4 - -172/3. Let z(v) be the second derivative of -1/20*v**5 + v**2 + 2/3*v**3 + 14*v + 0 - t*v**4. What is z(-3)?
8
Let u(g) = -6*g + g + 3*g - 2*g. Let d be u(-1). Suppose -a + 0 = d. Let p(w) = -2*w - 3. Give p(a).
5
Let g(n) = -n**2 + 126*n + 9252. Let d be g(178). Let r(s) = -s**3 + 3*s**2 + 6*s + 10. Determine r(d).
98
Let d be 22/(-2) + 24/(5 + 1). Let m = 24 + -13. Let l(p) = -9 + 19*p - m*p - 12*p. Determine l(d).
19
Let q be (-9)/4 + (-2)/(-8). Let v(m) be the first derivative of -m**3/3 + 5*m**2/2 + 5*m + 1447. Let p(w) = 1. Let z(s) = q*p(s) + v(s). What is z(6)?
-3
Let p(k) = 2*k**3 - 14*k**2 + 8. Let g be p(7). Let n = -2 - -7. Suppose 0 = -4*d + n*l - 22, -5*l + g = -2*d - 4*l. Let h(q) = -q. Calculate h(d).
3
Let z(a) be the first derivative of -3*a**2 - 16*a - 9597. Calculate z(-5).
14
Let i(c) = -c - 2*c - 3 + 4*c + 9 + 3. Give i(7).
16
Let v be 4/(-12) - (40/3)/2. Let l(g) = 12*g**2 + 4*g + 7. Let i(q) = -17*q**2 - 6*q - 10. Let p(z) = v*l(z) - 5*i(z). Give p(-2).
1
Let f(b) = b. Suppose -6*x = -158 + 14. Suppose -2*g = -4*g, 4*g - x = -3*d. Suppose 0*h - d = 4*h. Determine f(h).
-2
Let j(c) = 2*c**3 - 10*c**2 + 4*c + 3. Let l(f) = -3*f**3 + 2*f**2 + 34*f + 34. Let y be l(-1). What is j(y)?
23
Let b(c) = -2*c**2 + c - 5*c**3 - 3*c**3 - 6*c**3. Let o(z) = -z**2 - 28*z - 26. Suppose 6*t + 277 = 115. Let w be o(t). Calculate b(w).
-15
Let v(h) = 353*h**3 + 15*h**2 + 2*h + 8. Let q(x) = 300*x**3 + 13*x**2 + 2*x + 7. Let j(b) = -7*q(b) + 6*v(b). Determine j(-1).
-18
Let o be 5*1 + (3 - ((-24)/3 + 15)). Let l(g) = -20*g**3 + 3*g**2 - 4*g + 1. Determine l(o).
-20
Let n(f) = -37*f + 968. Let x be n(26). Let c(t) = -13*t - 1. Determine c(x).
-79
Let x(n) be the first derivative of 3*n**2/2 + 22*n - 11979. Give x(-6).
4
Suppose -4*j - 14